{"id":10088,"date":"2024-08-20T11:12:45","date_gmt":"2024-08-20T14:12:45","guid":{"rendered":"https:\/\/mundoonibus.com.br\/site\/?post_type=portfolio&#038;p=10088"},"modified":"2025-10-07T08:24:42","modified_gmt":"2025-10-07T11:24:42","slug":"prefeitura-de-angelina","status":"publish","type":"portfolio","link":"https:\/\/mundoonibus.com.br\/site\/portfolio\/prefeitura-de-angelina\/","title":{"rendered":"Prefeitura de Angelina"},"content":{"rendered":"\n<h3 class=\"wp-block-heading\">Hist\u00f3rico<\/h3>\n\n\n\n<p class=\"has-text-align-left\">Se\u00e7\u00e3o em desenvolvimento. Por favor,&nbsp;<strong>volte em breve<\/strong>.<\/p>\n\n\n\n<h3 class=\"wp-block-heading\">Frota<\/h3>\n\n\n\n<h5 class=\"wp-block-heading\">Desativados<\/h5>\n\n\n\n<figure class=\"wp-block-table is-style-stripes\"><table><thead><tr><th class=\"has-text-align-center\" data-align=\"center\">Prefixo<\/th><th class=\"has-text-align-center\" data-align=\"center\">Carroceria<\/th><th class=\"has-text-align-center\" data-align=\"center\">Chassi<\/th><th class=\"has-text-align-center\" data-align=\"center\">Placa<\/th><th class=\"has-text-align-center\" data-align=\"center\">Ano<\/th><th class=\"has-text-align-center\" data-align=\"center\">Observa\u00e7\u00f5es<\/th><th class=\"has-text-align-center\" data-align=\"center\">Munic\u00edpio<\/th><\/tr><\/thead><tbody><tr><td class=\"has-text-align-center\" data-align=\"center\">S\/N<\/td><td class=\"has-text-align-center\" data-align=\"center\">Thomas Saf-T-Liner Conventional<\/td><td class=\"has-text-align-center\" data-align=\"center\">Ford B-700<\/td><td class=\"has-text-align-center\" data-align=\"center\">LXO1493<\/td><td class=\"has-text-align-center\" data-align=\"center\">1987\/1987<\/td><td class=\"has-text-align-center\" data-align=\"center\">Ex-Canad\u00e1<\/td><td class=\"has-text-align-center\" data-align=\"center\">Nova Trento\/SC<\/td><\/tr><\/tbody><\/table><figcaption class=\"wp-element-caption\">Atualizado em 20\/08\/2024<\/figcaption><\/figure>\n","protected":false},"excerpt":{"rendered":"<p>Hist\u00f3rico Se\u00e7\u00e3o em desenvolvimento. Por favor,&nbsp;volte em breve. Frota Desativados Prefixo Carroceria Chassi Placa Ano Observa\u00e7\u00f5es Munic\u00edpio S\/N Thomas Saf-T-Liner Conventional Ford B-700 LXO1493 1987\/1987 Ex-Canad\u00e1 Nova Trento\/SC Atualizado em 20\/08\/2024<\/p>\n","protected":false},"author":1,"featured_media":0,"comment_status":"open","ping_status":"closed","template":"","meta":{"_kad_post_transparent":"","_kad_post_title":"","_kad_post_layout":"","_kad_post_sidebar_id":"","_kad_post_content_style":"","_kad_post_vertical_padding":"","_kad_post_feature":"","_kad_post_feature_position":"","_kad_post_header":false,"_kad_post_footer":false,"_kad_post_classname":"","footnotes":""},"portfolio_category":[126],"portfolio_tag":[111],"class_list":["post-10088","portfolio","type-portfolio","status-publish","hentry","portfolio_category-oficial","portfolio_tag-sc-angelina"],"yoast_head":"<!-- This site is optimized with the Yoast SEO plugin v27.5 - https:\/\/yoast.com\/product\/yoast-seo-wordpress\/ -->\n<title>Prefeitura de Angelina - Mundo \u00d4nibus<\/title>\n<meta name=\"robots\" content=\"index, follow, max-snippet:-1, max-image-preview:large, max-video-preview:-1\" \/>\n<link rel=\"canonical\" href=\"https:\/\/mundoonibus.com.br\/site\/portfolio\/prefeitura-de-angelina\/\" \/>\n<meta property=\"og:locale\" content=\"pt_BR\" \/>\n<meta property=\"og:type\" content=\"article\" \/>\n<meta property=\"og:title\" content=\"Prefeitura de Angelina - Mundo \u00d4nibus\" \/>\n<meta property=\"og:description\" content=\"Hist\u00f3rico Se\u00e7\u00e3o em desenvolvimento. Por favor,&nbsp;volte em breve. Frota Desativados Prefixo Carroceria Chassi Placa Ano Observa\u00e7\u00f5es Munic\u00edpio S\/N Thomas Saf-T-Liner Conventional Ford B-700 LXO1493 1987\/1987 Ex-Canad\u00e1 Nova Trento\/SC Atualizado em 20\/08\/2024\" \/>\n<meta property=\"og:url\" content=\"https:\/\/mundoonibus.com.br\/site\/portfolio\/prefeitura-de-angelina\/\" \/>\n<meta property=\"og:site_name\" content=\"Mundo \u00d4nibus\" \/>\n<meta property=\"article:modified_time\" content=\"2025-10-07T11:24:42+00:00\" \/>\n<meta name=\"twitter:card\" content=\"summary_large_image\" \/>\n<meta name=\"twitter:label1\" content=\"Est. tempo de leitura\" \/>\n\t<meta name=\"twitter:data1\" content=\"1 minuto\" \/>\n<script type=\"application\/ld+json\" class=\"yoast-schema-graph\">{\"@context\":\"https:\\\/\\\/schema.org\",\"@graph\":[{\"@type\":\"WebPage\",\"@id\":\"https:\\\/\\\/mundoonibus.com.br\\\/site\\\/portfolio\\\/prefeitura-de-angelina\\\/\",\"url\":\"https:\\\/\\\/mundoonibus.com.br\\\/site\\\/portfolio\\\/prefeitura-de-angelina\\\/\",\"name\":\"Prefeitura de Angelina - Mundo \u00d4nibus\",\"isPartOf\":{\"@id\":\"https:\\\/\\\/mundoonibus.com.br\\\/site\\\/#website\"},\"datePublished\":\"2024-08-20T14:12:45+00:00\",\"dateModified\":\"2025-10-07T11:24:42+00:00\",\"breadcrumb\":{\"@id\":\"https:\\\/\\\/mundoonibus.com.br\\\/site\\\/portfolio\\\/prefeitura-de-angelina\\\/#breadcrumb\"},\"inLanguage\":\"pt-BR\",\"potentialAction\":[{\"@type\":\"ReadAction\",\"target\":[\"https:\\\/\\\/mundoonibus.com.br\\\/site\\\/portfolio\\\/prefeitura-de-angelina\\\/\"]}]},{\"@type\":\"BreadcrumbList\",\"@id\":\"https:\\\/\\\/mundoonibus.com.br\\\/site\\\/portfolio\\\/prefeitura-de-angelina\\\/#breadcrumb\",\"itemListElement\":[{\"@type\":\"ListItem\",\"position\":1,\"name\":\"In\u00edcio\",\"item\":\"https:\\\/\\\/mundoonibus.com.br\\\/site\\\/\"},{\"@type\":\"ListItem\",\"position\":2,\"name\":\"Portf\u00f3lio\",\"item\":\"https:\\\/\\\/mundoonibus.com.br\\\/site\\\/portfolio\\\/\"},{\"@type\":\"ListItem\",\"position\":3,\"name\":\"Prefeitura de Angelina\"}]},{\"@type\":\"WebSite\",\"@id\":\"https:\\\/\\\/mundoonibus.com.br\\\/site\\\/#website\",\"url\":\"https:\\\/\\\/mundoonibus.com.br\\\/site\\\/\",\"name\":\"Mundo \u00d4nibus\",\"description\":\"Bem-vindo a Bordo!\",\"publisher\":{\"@id\":\"https:\\\/\\\/mundoonibus.com.br\\\/site\\\/#organization\"},\"potentialAction\":[{\"@type\":\"SearchAction\",\"target\":{\"@type\":\"EntryPoint\",\"urlTemplate\":\"https:\\\/\\\/mundoonibus.com.br\\\/site\\\/?s={search_term_string}\"},\"query-input\":{\"@type\":\"PropertyValueSpecification\",\"valueRequired\":true,\"valueName\":\"search_term_string\"}}],\"inLanguage\":\"pt-BR\"},{\"@type\":\"Organization\",\"@id\":\"https:\\\/\\\/mundoonibus.com.br\\\/site\\\/#organization\",\"name\":\"Mundo \u00d4nibus\",\"url\":\"https:\\\/\\\/mundoonibus.com.br\\\/site\\\/\",\"logo\":{\"@type\":\"ImageObject\",\"inLanguage\":\"pt-BR\",\"@id\":\"https:\\\/\\\/mundoonibus.com.br\\\/site\\\/#\\\/schema\\\/logo\\\/image\\\/\",\"url\":\"https:\\\/\\\/mundoonibus.com.br\\\/site\\\/wp-content\\\/uploads\\\/2021\\\/10\\\/Logo-H.png\",\"contentUrl\":\"https:\\\/\\\/mundoonibus.com.br\\\/site\\\/wp-content\\\/uploads\\\/2021\\\/10\\\/Logo-H.png\",\"width\":740,\"height\":139,\"caption\":\"Mundo \u00d4nibus\"},\"image\":{\"@id\":\"https:\\\/\\\/mundoonibus.com.br\\\/site\\\/#\\\/schema\\\/logo\\\/image\\\/\"}}]}<\/script>\n<!-- \/ Yoast SEO plugin. -->","yoast_head_json":{"title":"Prefeitura de Angelina - Mundo \u00d4nibus","robots":{"index":"index","follow":"follow","max-snippet":"max-snippet:-1","max-image-preview":"max-image-preview:large","max-video-preview":"max-video-preview:-1"},"canonical":"https:\/\/mundoonibus.com.br\/site\/portfolio\/prefeitura-de-angelina\/","og_locale":"pt_BR","og_type":"article","og_title":"Prefeitura de Angelina - Mundo \u00d4nibus","og_description":"Hist\u00f3rico Se\u00e7\u00e3o em desenvolvimento. Por favor,&nbsp;volte em breve. Frota Desativados Prefixo Carroceria Chassi Placa Ano Observa\u00e7\u00f5es Munic\u00edpio S\/N Thomas Saf-T-Liner Conventional Ford B-700 LXO1493 1987\/1987 Ex-Canad\u00e1 Nova Trento\/SC Atualizado em 20\/08\/2024","og_url":"https:\/\/mundoonibus.com.br\/site\/portfolio\/prefeitura-de-angelina\/","og_site_name":"Mundo \u00d4nibus","article_modified_time":"2025-10-07T11:24:42+00:00","twitter_card":"summary_large_image","twitter_misc":{"Est. tempo de leitura":"1 minuto"},"schema":{"@context":"https:\/\/schema.org","@graph":[{"@type":"WebPage","@id":"https:\/\/mundoonibus.com.br\/site\/portfolio\/prefeitura-de-angelina\/","url":"https:\/\/mundoonibus.com.br\/site\/portfolio\/prefeitura-de-angelina\/","name":"Prefeitura de Angelina - Mundo \u00d4nibus","isPartOf":{"@id":"https:\/\/mundoonibus.com.br\/site\/#website"},"datePublished":"2024-08-20T14:12:45+00:00","dateModified":"2025-10-07T11:24:42+00:00","breadcrumb":{"@id":"https:\/\/mundoonibus.com.br\/site\/portfolio\/prefeitura-de-angelina\/#breadcrumb"},"inLanguage":"pt-BR","potentialAction":[{"@type":"ReadAction","target":["https:\/\/mundoonibus.com.br\/site\/portfolio\/prefeitura-de-angelina\/"]}]},{"@type":"BreadcrumbList","@id":"https:\/\/mundoonibus.com.br\/site\/portfolio\/prefeitura-de-angelina\/#breadcrumb","itemListElement":[{"@type":"ListItem","position":1,"name":"In\u00edcio","item":"https:\/\/mundoonibus.com.br\/site\/"},{"@type":"ListItem","position":2,"name":"Portf\u00f3lio","item":"https:\/\/mundoonibus.com.br\/site\/portfolio\/"},{"@type":"ListItem","position":3,"name":"Prefeitura de Angelina"}]},{"@type":"WebSite","@id":"https:\/\/mundoonibus.com.br\/site\/#website","url":"https:\/\/mundoonibus.com.br\/site\/","name":"Mundo \u00d4nibus","description":"Bem-vindo a Bordo!","publisher":{"@id":"https:\/\/mundoonibus.com.br\/site\/#organization"},"potentialAction":[{"@type":"SearchAction","target":{"@type":"EntryPoint","urlTemplate":"https:\/\/mundoonibus.com.br\/site\/?s={search_term_string}"},"query-input":{"@type":"PropertyValueSpecification","valueRequired":true,"valueName":"search_term_string"}}],"inLanguage":"pt-BR"},{"@type":"Organization","@id":"https:\/\/mundoonibus.com.br\/site\/#organization","name":"Mundo \u00d4nibus","url":"https:\/\/mundoonibus.com.br\/site\/","logo":{"@type":"ImageObject","inLanguage":"pt-BR","@id":"https:\/\/mundoonibus.com.br\/site\/#\/schema\/logo\/image\/","url":"https:\/\/mundoonibus.com.br\/site\/wp-content\/uploads\/2021\/10\/Logo-H.png","contentUrl":"https:\/\/mundoonibus.com.br\/site\/wp-content\/uploads\/2021\/10\/Logo-H.png","width":740,"height":139,"caption":"Mundo \u00d4nibus"},"image":{"@id":"https:\/\/mundoonibus.com.br\/site\/#\/schema\/logo\/image\/"}}]}},"_links":{"self":[{"href":"https:\/\/mundoonibus.com.br\/site\/wp-json\/wp\/v2\/portfolio\/10088","targetHints":{"allow":["GET"]}}],"collection":[{"href":"https:\/\/mundoonibus.com.br\/site\/wp-json\/wp\/v2\/portfolio"}],"about":[{"href":"https:\/\/mundoonibus.com.br\/site\/wp-json\/wp\/v2\/types\/portfolio"}],"author":[{"embeddable":true,"href":"https:\/\/mundoonibus.com.br\/site\/wp-json\/wp\/v2\/users\/1"}],"replies":[{"embeddable":true,"href":"https:\/\/mundoonibus.com.br\/site\/wp-json\/wp\/v2\/comments?post=10088"}],"version-history":[{"count":9,"href":"https:\/\/mundoonibus.com.br\/site\/wp-json\/wp\/v2\/portfolio\/10088\/revisions"}],"predecessor-version":[{"id":10172,"href":"https:\/\/mundoonibus.com.br\/site\/wp-json\/wp\/v2\/portfolio\/10088\/revisions\/10172"}],"wp:attachment":[{"href":"https:\/\/mundoonibus.com.br\/site\/wp-json\/wp\/v2\/media?parent=10088"}],"wp:term":[{"taxonomy":"portfolio_category","embeddable":true,"href":"https:\/\/mundoonibus.com.br\/site\/wp-json\/wp\/v2\/portfolio_category?post=10088"},{"taxonomy":"portfolio_tag","embeddable":true,"href":"https:\/\/mundoonibus.com.br\/site\/wp-json\/wp\/v2\/portfolio_tag?post=10088"}],"curies":[{"name":"wp","href":"https:\/\/api.w.org\/{rel}","templated":true}]}}

<h3 class="wp-block-heading">Histórico</h3>



<p class="has-text-align-left">Seção em desenvolvimento. Por favor,&nbsp;<strong>volte em breve</strong>.</p>



<h3 class="wp-block-heading">Frota</h3>



<h5 class="wp-block-heading">Desativados</h5>



<figure class="wp-block-table is-style-stripes"><table><thead><tr><th class="has-text-align-center" data-align="center">Prefixo</th><th class="has-text-align-center" data-align="center">Carroceria</th><th class="has-text-align-center" data-align="center">Chassi</th><th class="has-text-align-center" data-align="center">Placa</th><th class="has-text-align-center" data-align="center">Ano</th><th class="has-text-align-center" data-align="center">Observações</th><th class="has-text-align-center" data-align="center">Município</th></tr></thead><tbody><tr><td class="has-text-align-center" data-align="center">S/N</td><td class="has-text-align-center" data-align="center">Thomas Saf-T-Liner Conventional</td><td class="has-text-align-center" data-align="center">Ford B-700</td><td class="has-text-align-center" data-align="center">LXO1493</td><td class="has-text-align-center" data-align="center">1987/1987</td><td class="has-text-align-center" data-align="center">Ex-Canadá</td><td class="has-text-align-center" data-align="center">Nova Trento/SC</td></tr></tbody></table><figcaption class="wp-element-caption">Atualizado em 20/08/2024</figcaption></figure>

<p>Histórico Seção em desenvolvimento. Por favor,&nbsp;volte em breve. Frota Desativados Prefixo Carroceria Chassi Placa Ano Observações Município S/N Thomas Saf-T-Liner Conventional Ford B-700 LXO1493 1987/1987 Ex-Canadá Nova Trento/SC Atualizado em 20/08/2024</p>

<!-- This site is optimized with the Yoast SEO plugin v27.5 - https://yoast.com/product/yoast-seo-wordpress/ -->
<title>Prefeitura de Angelina - Mundo Ônibus</title>
<meta name="robots" content="index, follow, max-snippet:-1, max-image-preview:large, max-video-preview:-1" />
<link rel="canonical" href="https://mundoonibus.com.br/site/portfolio/prefeitura-de-angelina/" />
<meta property="og:locale" content="pt_BR" />
<meta property="og:type" content="article" />
<meta property="og:title" content="Prefeitura de Angelina - Mundo Ônibus" />
<meta property="og:description" content="Histórico Seção em desenvolvimento. Por favor,&nbsp;volte em breve. Frota Desativados Prefixo Carroceria Chassi Placa Ano Observações Município S/N Thomas Saf-T-Liner Conventional Ford B-700 LXO1493 1987/1987 Ex-Canadá Nova Trento/SC Atualizado em 20/08/2024" />
<meta property="og:url" content="https://mundoonibus.com.br/site/portfolio/prefeitura-de-angelina/" />
<meta property="og:site_name" content="Mundo Ônibus" />
<meta property="article:modified_time" content="2025-10-07T11:24:42+00:00" />
<meta name="twitter:card" content="summary_large_image" />
<meta name="twitter:label1" content="Est. tempo de leitura" />
	<meta name="twitter:data1" content="1 minuto" />
<script type="application/ld+json" class="yoast-schema-graph">{"@context":"https:\/\/schema.org","@graph":[{"@type":"WebPage","@id":"https:\/\/mundoonibus.com.br\/site\/portfolio\/prefeitura-de-angelina\/","url":"https:\/\/mundoonibus.com.br\/site\/portfolio\/prefeitura-de-angelina\/","name":"Prefeitura de Angelina - Mundo Ônibus","isPartOf":{"@id":"https:\/\/mundoonibus.com.br\/site\/#website"},"datePublished":"2024-08-20T14:12:45+00:00","dateModified":"2025-10-07T11:24:42+00:00","breadcrumb":{"@id":"https:\/\/mundoonibus.com.br\/site\/portfolio\/prefeitura-de-angelina\/#breadcrumb"},"inLanguage":"pt-BR","potentialAction":[{"@type":"ReadAction","target":["https:\/\/mundoonibus.com.br\/site\/portfolio\/prefeitura-de-angelina\/"]}]},{"@type":"BreadcrumbList","@id":"https:\/\/mundoonibus.com.br\/site\/portfolio\/prefeitura-de-angelina\/#breadcrumb","itemListElement":[{"@type":"ListItem","position":1,"name":"Início","item":"https:\/\/mundoonibus.com.br\/site\/"},{"@type":"ListItem","position":2,"name":"Portfólio","item":"https:\/\/mundoonibus.com.br\/site\/portfolio\/"},{"@type":"ListItem","position":3,"name":"Prefeitura de Angelina"}]},{"@type":"WebSite","@id":"https:\/\/mundoonibus.com.br\/site\/#website","url":"https:\/\/mundoonibus.com.br\/site\/","name":"Mundo Ônibus","description":"Bem-vindo a Bordo!","publisher":{"@id":"https:\/\/mundoonibus.com.br\/site\/#organization"},"potentialAction":[{"@type":"SearchAction","target":{"@type":"EntryPoint","urlTemplate":"https:\/\/mundoonibus.com.br\/site\/?s={search_term_string}"},"query-input":{"@type":"PropertyValueSpecification","valueRequired":true,"valueName":"search_term_string"}}],"inLanguage":"pt-BR"},{"@type":"Organization","@id":"https:\/\/mundoonibus.com.br\/site\/#organization","name":"Mundo Ônibus","url":"https:\/\/mundoonibus.com.br\/site\/","logo":{"@type":"ImageObject","inLanguage":"pt-BR","@id":"https:\/\/mundoonibus.com.br\/site\/#\/schema\/logo\/image\/","url":"https:\/\/mundoonibus.com.br\/site\/wp-content\/uploads\/2021\/10\/Logo-H.png","contentUrl":"https:\/\/mundoonibus.com.br\/site\/wp-content\/uploads\/2021\/10\/Logo-H.png","width":740,"height":139,"caption":"Mundo Ônibus"},"image":{"@id":"https:\/\/mundoonibus.com.br\/site\/#\/schema\/logo\/image\/"}}]}</script>
<!-- / Yoast SEO plugin. -->

Prefeitura de Angelina - Mundo Ônibus

Histórico Seção em desenvolvimento. Por favor,&nbsp;volte em breve. Frota Desativados Prefixo Carroceria Chassi Placa Ano Observações Município S/N Thomas Saf-T-Liner Conventional Ford B-700 LXO1493 1987/1987 Ex-Canadá Nova Trento/SC Atualizado em 20/08/2024

Mundo Ônibus

Início

Portfólio
